{"id":4920,"date":"2026-03-30T14:30:41","date_gmt":"2026-03-30T14:30:41","guid":{"rendered":"https:\/\/www.loccasioncafe.com\/?post_type=product&#038;p=4920"},"modified":"2026-03-30T14:30:41","modified_gmt":"2026-03-30T14:30:41","slug":"initiation-au-latte-art-mercredi-15-avril-15h30-17h","status":"publish","type":"product","link":"https:\/\/www.loccasioncafe.com\/?product=initiation-au-latte-art-mercredi-15-avril-15h30-17h","title":{"rendered":"Initiation au latte art Mercredi 15 avril &#8211; 15h30 \u2013 17h"},"content":{"rendered":"<p>\ud83d\udcc6 <strong data-start=\"58\" data-end=\"76\">Mercredi 15 avril<\/strong><br data-start=\"76\" data-end=\"79\" \/>\ud83d\udd52 <strong data-start=\"82\" data-end=\"97\">15h30 \u2013 17h<\/strong><br data-start=\"97\" data-end=\"100\" \/>\ud83d\udcb0 <strong data-start=\"103\" data-end=\"123\">30\u20ac par personne<\/strong><br data-start=\"123\" data-end=\"126\" \/>\ud83d\udccd L\u2019Occasion, 188 rue de Vesle, Reims<\/p>\n<p>&nbsp;<\/p>\n","protected":false},"excerpt":{"rendered":"<p><b>PLACES TR\u00c8S LIMIT\u00c9ES !<\/b><b><\/b><\/p>\n<p>Envie d\u2019une activit\u00e9 originale \u00e0 Reims ?<br \/>\nVenez d\u00e9couvrir les bases du latte art et apprenez \u00e0 r\u00e9aliser de jolis dessins sur votre caf\u00e9.<\/p>\n<p>Vous pratiquerez sur nos machines et d\u00e9gusterez votre propre cappuccino, r\u00e9alis\u00e9 par vos soins \u2615\ud83c\udfa8<\/p>\n<p>\ud83d\udcc6 <strong data-start=\"58\" data-end=\"76\">Mercredi 15 avril<\/strong><br data-start=\"76\" data-end=\"79\" \/>\ud83d\udd52 <strong data-start=\"82\" data-end=\"97\">15h30 \u2013 17h<\/strong><br data-start=\"97\" data-end=\"100\" \/>\ud83d\udcb0 <strong data-start=\"103\" data-end=\"123\">30\u20ac par personne<\/strong><br data-start=\"123\" data-end=\"126\" \/>\ud83d\udccd L\u2019Occasion, 188 rue de Vesle, Reims<\/p>\n","protected":false},"featured_media":4358,"comment_status":"closed","ping_status":"closed","template":"","meta":{"inline_featured_image":false},"product_brand":[],"product_cat":[98],"product_tag":[],"class_list":{"0":"post-4920","1":"product","2":"type-product","3":"status-publish","4":"has-post-thumbnail","6":"product_cat-non-classe","8":"first","9":"instock","10":"purchasable","11":"product-type-simple"},"yoast_head":"<!-- This site is optimized with the Yoast SEO plugin v27.4 - https:\/\/yoast.com\/product\/yoast-seo-wordpress\/ -->\n<title>Initiation au latte art Mercredi 15 avril - 15h30 \u2013 17h - L&#039;Occasion Caf\u00e9<\/title>\n<meta name=\"description\" content=\"Envie d\u2019une activit\u00e9 originale \u00e0 Reims ? Venez d\u00e9couvrir les bases du latte art et apprenez \u00e0 r\u00e9aliser de jolis dessins sur votre caf\u00e9.\" \/>\n<meta name=\"robots\" content=\"index, follow, max-snippet:-1, max-image-preview:large, max-video-preview:-1\" \/>\n<link rel=\"canonical\" href=\"https:\/\/www.loccasioncafe.com\/?product=initiation-au-latte-art-mercredi-15-avril-15h30-17h\" \/>\n<meta property=\"og:locale\" content=\"fr_FR\" \/>\n<meta property=\"og:type\" content=\"article\" \/>\n<meta property=\"og:title\" content=\"Initiation au latte art Mercredi 15 avril - 15h30 \u2013 17h - L&#039;Occasion Caf\u00e9\" \/>\n<meta property=\"og:description\" content=\"Envie d\u2019une activit\u00e9 originale \u00e0 Reims ? Venez d\u00e9couvrir les bases du latte art et apprenez \u00e0 r\u00e9aliser de jolis dessins sur votre caf\u00e9.\" \/>\n<meta property=\"og:url\" content=\"https:\/\/www.loccasioncafe.com\/?product=initiation-au-latte-art-mercredi-15-avril-15h30-17h\" \/>\n<meta property=\"og:site_name\" content=\"L&#039;Occasion Caf\u00e9\" \/>\n<meta property=\"og:image\" content=\"https:\/\/www.loccasioncafe.com\/wp-content\/uploads\/2025\/05\/DSC08950-scaled.jpg\" \/>\n\t<meta property=\"og:image:width\" content=\"1440\" \/>\n\t<meta property=\"og:image:height\" content=\"2560\" \/>\n\t<meta property=\"og:image:type\" content=\"image\/jpeg\" \/>\n<meta name=\"twitter:card\" content=\"summary_large_image\" \/>\n<meta name=\"twitter:label1\" content=\"Dur\u00e9e de lecture estim\u00e9e\" \/>\n\t<meta name=\"twitter:data1\" content=\"1 minute\" \/>\n<script type=\"application\/ld+json\" class=\"yoast-schema-graph\">{\"@context\":\"https:\\\/\\\/schema.org\",\"@graph\":[{\"@type\":\"WebPage\",\"@id\":\"https:\\\/\\\/www.loccasioncafe.com\\\/?product=initiation-au-latte-art-mercredi-15-avril-15h30-17h\",\"url\":\"https:\\\/\\\/www.loccasioncafe.com\\\/?product=initiation-au-latte-art-mercredi-15-avril-15h30-17h\",\"name\":\"Initiation au latte art Mercredi 15 avril - 15h30 \u2013 17h - L&#039;Occasion Caf\u00e9\",\"isPartOf\":{\"@id\":\"https:\\\/\\\/www.loccasioncafe.com\\\/#website\"},\"primaryImageOfPage\":{\"@id\":\"https:\\\/\\\/www.loccasioncafe.com\\\/?product=initiation-au-latte-art-mercredi-15-avril-15h30-17h#primaryimage\"},\"image\":{\"@id\":\"https:\\\/\\\/www.loccasioncafe.com\\\/?product=initiation-au-latte-art-mercredi-15-avril-15h30-17h#primaryimage\"},\"thumbnailUrl\":\"https:\\\/\\\/www.loccasioncafe.com\\\/wp-content\\\/uploads\\\/2025\\\/05\\\/DSC08950-scaled.jpg\",\"datePublished\":\"2026-03-30T14:30:41+00:00\",\"description\":\"Envie d\u2019une activit\u00e9 originale \u00e0 Reims ? Venez d\u00e9couvrir les bases du latte art et apprenez \u00e0 r\u00e9aliser de jolis dessins sur votre caf\u00e9.\",\"breadcrumb\":{\"@id\":\"https:\\\/\\\/www.loccasioncafe.com\\\/?product=initiation-au-latte-art-mercredi-15-avril-15h30-17h#breadcrumb\"},\"inLanguage\":\"fr-FR\",\"potentialAction\":[{\"@type\":\"ReadAction\",\"target\":[\"https:\\\/\\\/www.loccasioncafe.com\\\/?product=initiation-au-latte-art-mercredi-15-avril-15h30-17h\"]}]},{\"@type\":\"ImageObject\",\"inLanguage\":\"fr-FR\",\"@id\":\"https:\\\/\\\/www.loccasioncafe.com\\\/?product=initiation-au-latte-art-mercredi-15-avril-15h30-17h#primaryimage\",\"url\":\"https:\\\/\\\/www.loccasioncafe.com\\\/wp-content\\\/uploads\\\/2025\\\/05\\\/DSC08950-scaled.jpg\",\"contentUrl\":\"https:\\\/\\\/www.loccasioncafe.com\\\/wp-content\\\/uploads\\\/2025\\\/05\\\/DSC08950-scaled.jpg\",\"width\":1440,\"height\":2560,\"caption\":\"ub\u00e9 latte\"},{\"@type\":\"BreadcrumbList\",\"@id\":\"https:\\\/\\\/www.loccasioncafe.com\\\/?product=initiation-au-latte-art-mercredi-15-avril-15h30-17h#breadcrumb\",\"itemListElement\":[{\"@type\":\"ListItem\",\"position\":1,\"name\":\"Accueil\",\"item\":\"https:\\\/\\\/www.loccasioncafe.com\\\/?page_id=797&lang=fr\"},{\"@type\":\"ListItem\",\"position\":2,\"name\":\"Boutique\",\"item\":\"https:\\\/\\\/www.loccasioncafe.com\\\/?page_id=4492&lang=fr\"},{\"@type\":\"ListItem\",\"position\":3,\"name\":\"Initiation au latte art Mercredi 15 avril &#8211; 15h30 \u2013 17h\"}]},{\"@type\":\"WebSite\",\"@id\":\"https:\\\/\\\/www.loccasioncafe.com\\\/#website\",\"url\":\"https:\\\/\\\/www.loccasioncafe.com\\\/\",\"name\":\"L&#039;Occasion Caf\u00e9\",\"description\":\"Coffee Shop et Bar \u00e0 Vins \u00e0 Reims\",\"publisher\":{\"@id\":\"https:\\\/\\\/www.loccasioncafe.com\\\/#organization\"},\"potentialAction\":[{\"@type\":\"SearchAction\",\"target\":{\"@type\":\"EntryPoint\",\"urlTemplate\":\"https:\\\/\\\/www.loccasioncafe.com\\\/?s={search_term_string}\"},\"query-input\":{\"@type\":\"PropertyValueSpecification\",\"valueRequired\":true,\"valueName\":\"search_term_string\"}}],\"inLanguage\":\"fr-FR\"},{\"@type\":\"Organization\",\"@id\":\"https:\\\/\\\/www.loccasioncafe.com\\\/#organization\",\"name\":\"L&#039;Occasion Caf\u00e9\",\"url\":\"https:\\\/\\\/www.loccasioncafe.com\\\/\",\"logo\":{\"@type\":\"ImageObject\",\"inLanguage\":\"fr-FR\",\"@id\":\"https:\\\/\\\/www.loccasioncafe.com\\\/#\\\/schema\\\/logo\\\/image\\\/\",\"url\":\"https:\\\/\\\/www.loccasioncafe.com\\\/wp-content\\\/uploads\\\/2022\\\/03\\\/logo-loccasion.png\",\"contentUrl\":\"https:\\\/\\\/www.loccasioncafe.com\\\/wp-content\\\/uploads\\\/2022\\\/03\\\/logo-loccasion.png\",\"width\":1562,\"height\":1327,\"caption\":\"L&#039;Occasion Caf\u00e9\"},\"image\":{\"@id\":\"https:\\\/\\\/www.loccasioncafe.com\\\/#\\\/schema\\\/logo\\\/image\\\/\"}}]}<\/script>\n<!-- \/ Yoast SEO plugin. -->","yoast_head_json":{"title":"Initiation au latte art Mercredi 15 avril - 15h30 \u2013 17h - L&#039;Occasion Caf\u00e9","description":"Envie d\u2019une activit\u00e9 originale \u00e0 Reims ? Venez d\u00e9couvrir les bases du latte art et apprenez \u00e0 r\u00e9aliser de jolis dessins sur votre caf\u00e9.","robots":{"index":"index","follow":"follow","max-snippet":"max-snippet:-1","max-image-preview":"max-image-preview:large","max-video-preview":"max-video-preview:-1"},"canonical":"https:\/\/www.loccasioncafe.com\/?product=initiation-au-latte-art-mercredi-15-avril-15h30-17h","og_locale":"fr_FR","og_type":"article","og_title":"Initiation au latte art Mercredi 15 avril - 15h30 \u2013 17h - L&#039;Occasion Caf\u00e9","og_description":"Envie d\u2019une activit\u00e9 originale \u00e0 Reims ? Venez d\u00e9couvrir les bases du latte art et apprenez \u00e0 r\u00e9aliser de jolis dessins sur votre caf\u00e9.","og_url":"https:\/\/www.loccasioncafe.com\/?product=initiation-au-latte-art-mercredi-15-avril-15h30-17h","og_site_name":"L&#039;Occasion Caf\u00e9","og_image":[{"width":1440,"height":2560,"url":"https:\/\/www.loccasioncafe.com\/wp-content\/uploads\/2025\/05\/DSC08950-scaled.jpg","type":"image\/jpeg"}],"twitter_card":"summary_large_image","twitter_misc":{"Dur\u00e9e de lecture estim\u00e9e":"1 minute"},"schema":{"@context":"https:\/\/schema.org","@graph":[{"@type":"WebPage","@id":"https:\/\/www.loccasioncafe.com\/?product=initiation-au-latte-art-mercredi-15-avril-15h30-17h","url":"https:\/\/www.loccasioncafe.com\/?product=initiation-au-latte-art-mercredi-15-avril-15h30-17h","name":"Initiation au latte art Mercredi 15 avril - 15h30 \u2013 17h - L&#039;Occasion Caf\u00e9","isPartOf":{"@id":"https:\/\/www.loccasioncafe.com\/#website"},"primaryImageOfPage":{"@id":"https:\/\/www.loccasioncafe.com\/?product=initiation-au-latte-art-mercredi-15-avril-15h30-17h#primaryimage"},"image":{"@id":"https:\/\/www.loccasioncafe.com\/?product=initiation-au-latte-art-mercredi-15-avril-15h30-17h#primaryimage"},"thumbnailUrl":"https:\/\/www.loccasioncafe.com\/wp-content\/uploads\/2025\/05\/DSC08950-scaled.jpg","datePublished":"2026-03-30T14:30:41+00:00","description":"Envie d\u2019une activit\u00e9 originale \u00e0 Reims ? Venez d\u00e9couvrir les bases du latte art et apprenez \u00e0 r\u00e9aliser de jolis dessins sur votre caf\u00e9.","breadcrumb":{"@id":"https:\/\/www.loccasioncafe.com\/?product=initiation-au-latte-art-mercredi-15-avril-15h30-17h#breadcrumb"},"inLanguage":"fr-FR","potentialAction":[{"@type":"ReadAction","target":["https:\/\/www.loccasioncafe.com\/?product=initiation-au-latte-art-mercredi-15-avril-15h30-17h"]}]},{"@type":"ImageObject","inLanguage":"fr-FR","@id":"https:\/\/www.loccasioncafe.com\/?product=initiation-au-latte-art-mercredi-15-avril-15h30-17h#primaryimage","url":"https:\/\/www.loccasioncafe.com\/wp-content\/uploads\/2025\/05\/DSC08950-scaled.jpg","contentUrl":"https:\/\/www.loccasioncafe.com\/wp-content\/uploads\/2025\/05\/DSC08950-scaled.jpg","width":1440,"height":2560,"caption":"ub\u00e9 latte"},{"@type":"BreadcrumbList","@id":"https:\/\/www.loccasioncafe.com\/?product=initiation-au-latte-art-mercredi-15-avril-15h30-17h#breadcrumb","itemListElement":[{"@type":"ListItem","position":1,"name":"Accueil","item":"https:\/\/www.loccasioncafe.com\/?page_id=797&lang=fr"},{"@type":"ListItem","position":2,"name":"Boutique","item":"https:\/\/www.loccasioncafe.com\/?page_id=4492&lang=fr"},{"@type":"ListItem","position":3,"name":"Initiation au latte art Mercredi 15 avril &#8211; 15h30 \u2013 17h"}]},{"@type":"WebSite","@id":"https:\/\/www.loccasioncafe.com\/#website","url":"https:\/\/www.loccasioncafe.com\/","name":"L&#039;Occasion Caf\u00e9","description":"Coffee Shop et Bar \u00e0 Vins \u00e0 Reims","publisher":{"@id":"https:\/\/www.loccasioncafe.com\/#organization"},"potentialAction":[{"@type":"SearchAction","target":{"@type":"EntryPoint","urlTemplate":"https:\/\/www.loccasioncafe.com\/?s={search_term_string}"},"query-input":{"@type":"PropertyValueSpecification","valueRequired":true,"valueName":"search_term_string"}}],"inLanguage":"fr-FR"},{"@type":"Organization","@id":"https:\/\/www.loccasioncafe.com\/#organization","name":"L&#039;Occasion Caf\u00e9","url":"https:\/\/www.loccasioncafe.com\/","logo":{"@type":"ImageObject","inLanguage":"fr-FR","@id":"https:\/\/www.loccasioncafe.com\/#\/schema\/logo\/image\/","url":"https:\/\/www.loccasioncafe.com\/wp-content\/uploads\/2022\/03\/logo-loccasion.png","contentUrl":"https:\/\/www.loccasioncafe.com\/wp-content\/uploads\/2022\/03\/logo-loccasion.png","width":1562,"height":1327,"caption":"L&#039;Occasion Caf\u00e9"},"image":{"@id":"https:\/\/www.loccasioncafe.com\/#\/schema\/logo\/image\/"}}]}},"jetpack_sharing_enabled":true,"_links":{"self":[{"href":"https:\/\/www.loccasioncafe.com\/index.php?rest_route=\/wp\/v2\/product\/4920","targetHints":{"allow":["GET"]}}],"collection":[{"href":"https:\/\/www.loccasioncafe.com\/index.php?rest_route=\/wp\/v2\/product"}],"about":[{"href":"https:\/\/www.loccasioncafe.com\/index.php?rest_route=\/wp\/v2\/types\/product"}],"replies":[{"embeddable":true,"href":"https:\/\/www.loccasioncafe.com\/index.php?rest_route=%2Fwp%2Fv2%2Fcomments&post=4920"}],"wp:featuredmedia":[{"embeddable":true,"href":"https:\/\/www.loccasioncafe.com\/index.php?rest_route=\/wp\/v2\/media\/4358"}],"wp:attachment":[{"href":"https:\/\/www.loccasioncafe.com\/index.php?rest_route=%2Fwp%2Fv2%2Fmedia&parent=4920"}],"wp:term":[{"taxonomy":"product_brand","embeddable":true,"href":"https:\/\/www.loccasioncafe.com\/index.php?rest_route=%2Fwp%2Fv2%2Fproduct_brand&post=4920"},{"taxonomy":"product_cat","embeddable":true,"href":"https:\/\/www.loccasioncafe.com\/index.php?rest_route=%2Fwp%2Fv2%2Fproduct_cat&post=4920"},{"taxonomy":"product_tag","embeddable":true,"href":"https:\/\/www.loccasioncafe.com\/index.php?rest_route=%2Fwp%2Fv2%2Fproduct_tag&post=4920"}],"curies":[{"name":"wp","href":"https:\/\/api.w.org\/{rel}","templated":true}]}}