{"id":4931,"date":"2026-04-27T14:33:34","date_gmt":"2026-04-27T14:33:34","guid":{"rendered":"https:\/\/www.loccasioncafe.com\/?post_type=product&#038;p=4931"},"modified":"2026-04-27T20:18:25","modified_gmt":"2026-04-27T20:18:25","slug":"initiation-a-la-degustation-jeudi-28-mai-19h30","status":"publish","type":"product","link":"https:\/\/www.loccasioncafe.com\/?product=initiation-a-la-degustation-jeudi-28-mai-19h30","title":{"rendered":"Initiation \u00e0 la d\u00e9gustation &#8211; Jeudi 28 mai &#8211; 19h30"},"content":{"rendered":"<p data-start=\"0\" data-end=\"36\">\ud83c\udf77 <strong data-start=\"3\" data-end=\"34\">Initiation \u00e0 la d\u00e9gustation<\/strong><\/p>\n<p data-start=\"38\" data-end=\"200\">Le temps d\u2019une soir\u00e9e, d\u00e9couvrez les bases de la d\u00e9gustation et apprenez \u00e0 mieux appr\u00e9cier les ar\u00f4mes, les saveurs et les subtilit\u00e9s de chaque verre.<\/p>\n<p data-start=\"202\" data-end=\"408\">Que vous soyez curieux, amateur ou simplement en envie de partager un bon moment, cette initiation est l\u2019occasion id\u00e9ale pour \u00e9veiller vos sens et enrichir vos connaissances dans une ambiance chaleureuse.<\/p>\n<p data-start=\"410\" data-end=\"507\" data-is-last-node=\"\" data-is-only-node=\"\">\ud83d\udcc5 Jeudi 28 mai \u00e0 19h30<br data-start=\"433\" data-end=\"436\" \/>\ud83d\udccd <span class=\"hover:entity-accent entity-underline inline cursor-pointer align-baseline\"><span class=\"whitespace-normal\">L&rsquo;Occasion<\/span><\/span>, 188 rue de Vesle, 51100 Reims<\/p>\n","protected":false},"excerpt":{"rendered":"<p data-start=\"0\" data-end=\"36\">\ud83c\udf77 <strong data-start=\"3\" data-end=\"34\">Initiation \u00e0 la d\u00e9gustation<\/strong><\/p>\n<p data-start=\"410\" data-end=\"507\" data-is-last-node=\"\" data-is-only-node=\"\">\ud83d\udcc5 Jeudi 28 mai \u00e0 19h30<br data-start=\"433\" data-end=\"436\" \/>\ud83d\udccd <span class=\"hover:entity-accent entity-underline inline cursor-pointer align-baseline\"><span class=\"whitespace-normal\">L&rsquo;Occasion<\/span><\/span>, 188 rue de Vesle, 51100 Reims<\/p>\n","protected":false},"featured_media":4755,"comment_status":"closed","ping_status":"closed","template":"","meta":{"inline_featured_image":false},"product_brand":[],"product_cat":[98],"product_tag":[],"class_list":{"0":"post-4931","1":"product","2":"type-product","3":"status-publish","4":"has-post-thumbnail","6":"product_cat-non-classe","8":"first","9":"instock","10":"purchasable","11":"product-type-simple"},"yoast_head":"<!-- This site is optimized with the Yoast SEO plugin v27.5 - https:\/\/yoast.com\/product\/yoast-seo-wordpress\/ -->\n<title>Initiation \u00e0 la d\u00e9gustation - Jeudi 28 mai - 19h30 - L&#039;Occasion Caf\u00e9<\/title>\n<meta name=\"description\" content=\"Le temps d\u2019une soir\u00e9e , d\u00e9couvrez les bases de la d\u00e9gustation et apprenez \u00e0 mieux appr\u00e9cier les ar\u00f4mes, les saveurs et les subtilit\u00e9s de chaque verre.Que vous soyez curieux, amateur ou simplement en envie de partager un bon moment, cette initiation est l\u2019occasion id\u00e9ale pour \u00e9veiller vos sens et enrichir vos connaissances dans une ambiance chaleureuse.\ud83d\udcc5 Jeudi 28 mai \u00e0 19h30\ud83d\udccd L&#039;Occasion, 188 rue de Vesle, 51100 Reim\" \/>\n<meta name=\"robots\" content=\"index, follow, max-snippet:-1, max-image-preview:large, max-video-preview:-1\" \/>\n<link rel=\"canonical\" href=\"https:\/\/www.loccasioncafe.com\/?product=initiation-a-la-degustation-jeudi-28-mai-19h30\" \/>\n<meta property=\"og:locale\" content=\"fr_FR\" \/>\n<meta property=\"og:type\" content=\"article\" \/>\n<meta property=\"og:title\" content=\"Initiation \u00e0 la d\u00e9gustation - Jeudi 28 mai - 19h30 - L&#039;Occasion Caf\u00e9\" \/>\n<meta property=\"og:description\" content=\"Le temps d\u2019une soir\u00e9e , d\u00e9couvrez les bases de la d\u00e9gustation et apprenez \u00e0 mieux appr\u00e9cier les ar\u00f4mes, les saveurs et les subtilit\u00e9s de chaque verre.Que vous soyez curieux, amateur ou simplement en envie de partager un bon moment, cette initiation est l\u2019occasion id\u00e9ale pour \u00e9veiller vos sens et enrichir vos connaissances dans une ambiance chaleureuse.\ud83d\udcc5 Jeudi 28 mai \u00e0 19h30\ud83d\udccd L&#039;Occasion, 188 rue de Vesle, 51100 Reim\" \/>\n<meta property=\"og:url\" content=\"https:\/\/www.loccasioncafe.com\/?product=initiation-a-la-degustation-jeudi-28-mai-19h30\" \/>\n<meta property=\"og:site_name\" content=\"L&#039;Occasion Caf\u00e9\" \/>\n<meta property=\"article:modified_time\" content=\"2026-04-27T20:18:25+00:00\" \/>\n<meta property=\"og:image\" content=\"https:\/\/www.loccasioncafe.com\/wp-content\/uploads\/2025\/10\/Copie-de-events-du-mois-4.png\" \/>\n\t<meta property=\"og:image:width\" content=\"1080\" \/>\n\t<meta property=\"og:image:height\" content=\"1350\" \/>\n\t<meta property=\"og:image:type\" content=\"image\/png\" \/>\n<meta name=\"twitter:card\" content=\"summary_large_image\" \/>\n<meta name=\"twitter:label1\" content=\"Dur\u00e9e de lecture estim\u00e9e\" \/>\n\t<meta name=\"twitter:data1\" content=\"1 minute\" \/>\n<script type=\"application\/ld+json\" class=\"yoast-schema-graph\">{\"@context\":\"https:\\\/\\\/schema.org\",\"@graph\":[{\"@type\":\"WebPage\",\"@id\":\"https:\\\/\\\/www.loccasioncafe.com\\\/?product=initiation-a-la-degustation-jeudi-28-mai-19h30\",\"url\":\"https:\\\/\\\/www.loccasioncafe.com\\\/?product=initiation-a-la-degustation-jeudi-28-mai-19h30\",\"name\":\"Initiation \u00e0 la d\u00e9gustation - Jeudi 28 mai - 19h30 - L&#039;Occasion Caf\u00e9\",\"isPartOf\":{\"@id\":\"https:\\\/\\\/www.loccasioncafe.com\\\/#website\"},\"primaryImageOfPage\":{\"@id\":\"https:\\\/\\\/www.loccasioncafe.com\\\/?product=initiation-a-la-degustation-jeudi-28-mai-19h30#primaryimage\"},\"image\":{\"@id\":\"https:\\\/\\\/www.loccasioncafe.com\\\/?product=initiation-a-la-degustation-jeudi-28-mai-19h30#primaryimage\"},\"thumbnailUrl\":\"https:\\\/\\\/www.loccasioncafe.com\\\/wp-content\\\/uploads\\\/2025\\\/10\\\/Copie-de-events-du-mois-4.png\",\"datePublished\":\"2026-04-27T14:33:34+00:00\",\"dateModified\":\"2026-04-27T20:18:25+00:00\",\"description\":\"Le temps d\u2019une soir\u00e9e , d\u00e9couvrez les bases de la d\u00e9gustation et apprenez \u00e0 mieux appr\u00e9cier les ar\u00f4mes, les saveurs et les subtilit\u00e9s de chaque verre.Que vous soyez curieux, amateur ou simplement en envie de partager un bon moment, cette initiation est l\u2019occasion id\u00e9ale pour \u00e9veiller vos sens et enrichir vos connaissances dans une ambiance chaleureuse.\ud83d\udcc5 Jeudi 28 mai \u00e0 19h30\ud83d\udccd L'Occasion, 188 rue de Vesle, 51100 Reim\",\"breadcrumb\":{\"@id\":\"https:\\\/\\\/www.loccasioncafe.com\\\/?product=initiation-a-la-degustation-jeudi-28-mai-19h30#breadcrumb\"},\"inLanguage\":\"fr-FR\",\"potentialAction\":[{\"@type\":\"ReadAction\",\"target\":[\"https:\\\/\\\/www.loccasioncafe.com\\\/?product=initiation-a-la-degustation-jeudi-28-mai-19h30\"]}]},{\"@type\":\"ImageObject\",\"inLanguage\":\"fr-FR\",\"@id\":\"https:\\\/\\\/www.loccasioncafe.com\\\/?product=initiation-a-la-degustation-jeudi-28-mai-19h30#primaryimage\",\"url\":\"https:\\\/\\\/www.loccasioncafe.com\\\/wp-content\\\/uploads\\\/2025\\\/10\\\/Copie-de-events-du-mois-4.png\",\"contentUrl\":\"https:\\\/\\\/www.loccasioncafe.com\\\/wp-content\\\/uploads\\\/2025\\\/10\\\/Copie-de-events-du-mois-4.png\",\"width\":1080,\"height\":1350},{\"@type\":\"BreadcrumbList\",\"@id\":\"https:\\\/\\\/www.loccasioncafe.com\\\/?product=initiation-a-la-degustation-jeudi-28-mai-19h30#breadcrumb\",\"itemListElement\":[{\"@type\":\"ListItem\",\"position\":1,\"name\":\"Accueil\",\"item\":\"https:\\\/\\\/www.loccasioncafe.com\\\/?page_id=797&lang=fr\"},{\"@type\":\"ListItem\",\"position\":2,\"name\":\"Boutique\",\"item\":\"https:\\\/\\\/www.loccasioncafe.com\\\/?page_id=4492&lang=fr\"},{\"@type\":\"ListItem\",\"position\":3,\"name\":\"Initiation \u00e0 la d\u00e9gustation &#8211; Jeudi 28 mai &#8211; 19h30\"}]},{\"@type\":\"WebSite\",\"@id\":\"https:\\\/\\\/www.loccasioncafe.com\\\/#website\",\"url\":\"https:\\\/\\\/www.loccasioncafe.com\\\/\",\"name\":\"L&#039;Occasion Caf\u00e9\",\"description\":\"Coffee Shop et Bar \u00e0 Vins \u00e0 Reims\",\"publisher\":{\"@id\":\"https:\\\/\\\/www.loccasioncafe.com\\\/#organization\"},\"potentialAction\":[{\"@type\":\"SearchAction\",\"target\":{\"@type\":\"EntryPoint\",\"urlTemplate\":\"https:\\\/\\\/www.loccasioncafe.com\\\/?s={search_term_string}\"},\"query-input\":{\"@type\":\"PropertyValueSpecification\",\"valueRequired\":true,\"valueName\":\"search_term_string\"}}],\"inLanguage\":\"fr-FR\"},{\"@type\":\"Organization\",\"@id\":\"https:\\\/\\\/www.loccasioncafe.com\\\/#organization\",\"name\":\"L&#039;Occasion Caf\u00e9\",\"url\":\"https:\\\/\\\/www.loccasioncafe.com\\\/\",\"logo\":{\"@type\":\"ImageObject\",\"inLanguage\":\"fr-FR\",\"@id\":\"https:\\\/\\\/www.loccasioncafe.com\\\/#\\\/schema\\\/logo\\\/image\\\/\",\"url\":\"https:\\\/\\\/www.loccasioncafe.com\\\/wp-content\\\/uploads\\\/2022\\\/03\\\/logo-loccasion.png\",\"contentUrl\":\"https:\\\/\\\/www.loccasioncafe.com\\\/wp-content\\\/uploads\\\/2022\\\/03\\\/logo-loccasion.png\",\"width\":1562,\"height\":1327,\"caption\":\"L&#039;Occasion Caf\u00e9\"},\"image\":{\"@id\":\"https:\\\/\\\/www.loccasioncafe.com\\\/#\\\/schema\\\/logo\\\/image\\\/\"}}]}<\/script>\n<!-- \/ Yoast SEO plugin. -->","yoast_head_json":{"title":"Initiation \u00e0 la d\u00e9gustation - Jeudi 28 mai - 19h30 - L&#039;Occasion Caf\u00e9","description":"Le temps d\u2019une soir\u00e9e , d\u00e9couvrez les bases de la d\u00e9gustation et apprenez \u00e0 mieux appr\u00e9cier les ar\u00f4mes, les saveurs et les subtilit\u00e9s de chaque verre.Que vous soyez curieux, amateur ou simplement en envie de partager un bon moment, cette initiation est l\u2019occasion id\u00e9ale pour \u00e9veiller vos sens et enrichir vos connaissances dans une ambiance chaleureuse.\ud83d\udcc5 Jeudi 28 mai \u00e0 19h30\ud83d\udccd L'Occasion, 188 rue de Vesle, 51100 Reim","robots":{"index":"index","follow":"follow","max-snippet":"max-snippet:-1","max-image-preview":"max-image-preview:large","max-video-preview":"max-video-preview:-1"},"canonical":"https:\/\/www.loccasioncafe.com\/?product=initiation-a-la-degustation-jeudi-28-mai-19h30","og_locale":"fr_FR","og_type":"article","og_title":"Initiation \u00e0 la d\u00e9gustation - Jeudi 28 mai - 19h30 - L&#039;Occasion Caf\u00e9","og_description":"Le temps d\u2019une soir\u00e9e , d\u00e9couvrez les bases de la d\u00e9gustation et apprenez \u00e0 mieux appr\u00e9cier les ar\u00f4mes, les saveurs et les subtilit\u00e9s de chaque verre.Que vous soyez curieux, amateur ou simplement en envie de partager un bon moment, cette initiation est l\u2019occasion id\u00e9ale pour \u00e9veiller vos sens et enrichir vos connaissances dans une ambiance chaleureuse.\ud83d\udcc5 Jeudi 28 mai \u00e0 19h30\ud83d\udccd L'Occasion, 188 rue de Vesle, 51100 Reim","og_url":"https:\/\/www.loccasioncafe.com\/?product=initiation-a-la-degustation-jeudi-28-mai-19h30","og_site_name":"L&#039;Occasion Caf\u00e9","article_modified_time":"2026-04-27T20:18:25+00:00","og_image":[{"width":1080,"height":1350,"url":"https:\/\/www.loccasioncafe.com\/wp-content\/uploads\/2025\/10\/Copie-de-events-du-mois-4.png","type":"image\/png"}],"twitter_card":"summary_large_image","twitter_misc":{"Dur\u00e9e de lecture estim\u00e9e":"1 minute"},"schema":{"@context":"https:\/\/schema.org","@graph":[{"@type":"WebPage","@id":"https:\/\/www.loccasioncafe.com\/?product=initiation-a-la-degustation-jeudi-28-mai-19h30","url":"https:\/\/www.loccasioncafe.com\/?product=initiation-a-la-degustation-jeudi-28-mai-19h30","name":"Initiation \u00e0 la d\u00e9gustation - Jeudi 28 mai - 19h30 - L&#039;Occasion Caf\u00e9","isPartOf":{"@id":"https:\/\/www.loccasioncafe.com\/#website"},"primaryImageOfPage":{"@id":"https:\/\/www.loccasioncafe.com\/?product=initiation-a-la-degustation-jeudi-28-mai-19h30#primaryimage"},"image":{"@id":"https:\/\/www.loccasioncafe.com\/?product=initiation-a-la-degustation-jeudi-28-mai-19h30#primaryimage"},"thumbnailUrl":"https:\/\/www.loccasioncafe.com\/wp-content\/uploads\/2025\/10\/Copie-de-events-du-mois-4.png","datePublished":"2026-04-27T14:33:34+00:00","dateModified":"2026-04-27T20:18:25+00:00","description":"Le temps d\u2019une soir\u00e9e , d\u00e9couvrez les bases de la d\u00e9gustation et apprenez \u00e0 mieux appr\u00e9cier les ar\u00f4mes, les saveurs et les subtilit\u00e9s de chaque verre.Que vous soyez curieux, amateur ou simplement en envie de partager un bon moment, cette initiation est l\u2019occasion id\u00e9ale pour \u00e9veiller vos sens et enrichir vos connaissances dans une ambiance chaleureuse.\ud83d\udcc5 Jeudi 28 mai \u00e0 19h30\ud83d\udccd L'Occasion, 188 rue de Vesle, 51100 Reim","breadcrumb":{"@id":"https:\/\/www.loccasioncafe.com\/?product=initiation-a-la-degustation-jeudi-28-mai-19h30#breadcrumb"},"inLanguage":"fr-FR","potentialAction":[{"@type":"ReadAction","target":["https:\/\/www.loccasioncafe.com\/?product=initiation-a-la-degustation-jeudi-28-mai-19h30"]}]},{"@type":"ImageObject","inLanguage":"fr-FR","@id":"https:\/\/www.loccasioncafe.com\/?product=initiation-a-la-degustation-jeudi-28-mai-19h30#primaryimage","url":"https:\/\/www.loccasioncafe.com\/wp-content\/uploads\/2025\/10\/Copie-de-events-du-mois-4.png","contentUrl":"https:\/\/www.loccasioncafe.com\/wp-content\/uploads\/2025\/10\/Copie-de-events-du-mois-4.png","width":1080,"height":1350},{"@type":"BreadcrumbList","@id":"https:\/\/www.loccasioncafe.com\/?product=initiation-a-la-degustation-jeudi-28-mai-19h30#breadcrumb","itemListElement":[{"@type":"ListItem","position":1,"name":"Accueil","item":"https:\/\/www.loccasioncafe.com\/?page_id=797&lang=fr"},{"@type":"ListItem","position":2,"name":"Boutique","item":"https:\/\/www.loccasioncafe.com\/?page_id=4492&lang=fr"},{"@type":"ListItem","position":3,"name":"Initiation \u00e0 la d\u00e9gustation &#8211; Jeudi 28 mai &#8211; 19h30"}]},{"@type":"WebSite","@id":"https:\/\/www.loccasioncafe.com\/#website","url":"https:\/\/www.loccasioncafe.com\/","name":"L&#039;Occasion Caf\u00e9","description":"Coffee Shop et Bar \u00e0 Vins \u00e0 Reims","publisher":{"@id":"https:\/\/www.loccasioncafe.com\/#organization"},"potentialAction":[{"@type":"SearchAction","target":{"@type":"EntryPoint","urlTemplate":"https:\/\/www.loccasioncafe.com\/?s={search_term_string}"},"query-input":{"@type":"PropertyValueSpecification","valueRequired":true,"valueName":"search_term_string"}}],"inLanguage":"fr-FR"},{"@type":"Organization","@id":"https:\/\/www.loccasioncafe.com\/#organization","name":"L&#039;Occasion Caf\u00e9","url":"https:\/\/www.loccasioncafe.com\/","logo":{"@type":"ImageObject","inLanguage":"fr-FR","@id":"https:\/\/www.loccasioncafe.com\/#\/schema\/logo\/image\/","url":"https:\/\/www.loccasioncafe.com\/wp-content\/uploads\/2022\/03\/logo-loccasion.png","contentUrl":"https:\/\/www.loccasioncafe.com\/wp-content\/uploads\/2022\/03\/logo-loccasion.png","width":1562,"height":1327,"caption":"L&#039;Occasion Caf\u00e9"},"image":{"@id":"https:\/\/www.loccasioncafe.com\/#\/schema\/logo\/image\/"}}]}},"jetpack_sharing_enabled":true,"_links":{"self":[{"href":"https:\/\/www.loccasioncafe.com\/index.php?rest_route=\/wp\/v2\/product\/4931","targetHints":{"allow":["GET"]}}],"collection":[{"href":"https:\/\/www.loccasioncafe.com\/index.php?rest_route=\/wp\/v2\/product"}],"about":[{"href":"https:\/\/www.loccasioncafe.com\/index.php?rest_route=\/wp\/v2\/types\/product"}],"replies":[{"embeddable":true,"href":"https:\/\/www.loccasioncafe.com\/index.php?rest_route=%2Fwp%2Fv2%2Fcomments&post=4931"}],"wp:featuredmedia":[{"embeddable":true,"href":"https:\/\/www.loccasioncafe.com\/index.php?rest_route=\/wp\/v2\/media\/4755"}],"wp:attachment":[{"href":"https:\/\/www.loccasioncafe.com\/index.php?rest_route=%2Fwp%2Fv2%2Fmedia&parent=4931"}],"wp:term":[{"taxonomy":"product_brand","embeddable":true,"href":"https:\/\/www.loccasioncafe.com\/index.php?rest_route=%2Fwp%2Fv2%2Fproduct_brand&post=4931"},{"taxonomy":"product_cat","embeddable":true,"href":"https:\/\/www.loccasioncafe.com\/index.php?rest_route=%2Fwp%2Fv2%2Fproduct_cat&post=4931"},{"taxonomy":"product_tag","embeddable":true,"href":"https:\/\/www.loccasioncafe.com\/index.php?rest_route=%2Fwp%2Fv2%2Fproduct_tag&post=4931"}],"curies":[{"name":"wp","href":"https:\/\/api.w.org\/{rel}","templated":true}]}}